{"id":1126,"date":"2017-03-03T19:38:59","date_gmt":"2017-03-03T18:38:59","guid":{"rendered":"http:\/\/mein-kuvasz.de\/?page_id=1126"},"modified":"2023-11-19T20:32:43","modified_gmt":"2023-11-19T19:32:43","slug":"schoenes","status":"publish","type":"page","link":"http:\/\/mein-kuvasz.de\/?page_id=1126","title":{"rendered":"Sch\u00f6nes&#8230;."},"content":{"rendered":"\n<p><strong>Denn ihre Zeit ist vom 1.Tag an begrenzt<\/strong><br><br>Sei nicht b\u00f6se,wenn sie beim Essen betteln,<br>vor Ungeduld jaulen, etwas zerst\u00f6ren oder ankauen.<br>Sei nicht b\u00f6se,wenn sie nicht in den Regen raus wollenden Wind spannender finden als Dich oder einen Geruch.<br>Sei nicht b\u00f6se, wenn sie nicht Apportieren<br>nicht das toll finden, was du grade willst oder das von Dir gekaufte Spieli nicht m\u00f6gen.<br>Sei nicht b\u00f6se wenn sie JETZT etwas von Dir wollen, obwohl du m\u00fcde\/gestresst\/genervt bist.<br>Sie haben nur Dich, DU bist ihre ganze Welt und sie wissen nichts von Stress auf der Arbeit, doofen Kollegen oder einem kaputten Auto.<br>Sie wissen nur, dass sie Dich lieben und mit Dir zusammen sein wollen, so oft sie k\u00f6nnen!<br>Denn ihre Zeit ist begrenzt und der Tag wird kommen, da wirst Du um sie weinen!<\/p>\n\n\n\n<p>Geklaut, kopiert und f\u00fcr treffend empfunden <img loading=\"lazy\" decoding=\"async\" width=\"16\" height=\"16\" alt=\"\ud83d\udc3e\" src=\"https:\/\/static.xx.fbcdn.net\/images\/emoji.php\/v9\/t37\/1.5\/16\/1f43e.png\"><img loading=\"lazy\" decoding=\"async\" width=\"16\" height=\"16\" alt=\"\ud83d\udc3e\" src=\"https:\/\/static.xx.fbcdn.net\/images\/emoji.php\/v9\/t37\/1.5\/16\/1f43e.png\"><img loading=\"lazy\" decoding=\"async\" width=\"16\" height=\"16\" alt=\"\ud83e\udd70\" src=\"https:\/\/static.xx.fbcdn.net\/images\/emoji.php\/v9\/t43\/1.5\/16\/1f970.png\"><img loading=\"lazy\" decoding=\"async\" width=\"16\" height=\"16\" alt=\"\u2763\" src=\"https:\/\/static.xx.fbcdn.net\/images\/emoji.php\/v9\/t72\/1.5\/16\/2763.png\"><\/p>\n\n\n\n<p><\/p>\n\n\n\n<p><strong>Wo bist du um Mitternacht?<\/strong><\/p>\n\n\n\n<p>Ein Knall. <br>Weit in der Ferne. <br>Ein Zucken geht durch den K\u00f6rper. Panik in den Augen. <br>Ich kann gerade noch zugreifen und sie am Halsband greifen. <br>Aber ihren Geist erreiche ich nicht mehr. Ihr Kopf hat die Flucht aktiviert. <br>Ihr K\u00f6rper ist angespannt. Ihren Namen kennt sie nicht.<br>Sie wei\u00df nicht wie ihr geschieht. Sie wei\u00df nicht, woher das Ger\u00e4usch kommt, welches sie so in Panik versetzt.<br>Sie ist in ihrem Tunnel. So stehen wir da. Ich halte sie fest. Sp\u00fcre den rasenden Herzschlag, merke die Kraft, die ein K\u00f6rper entwickelt, wenn er einfach nur fort will.<br>Der Tunnel ist lang und dunkel. Meine Worte verlieren sich. Sie h\u00f6rt mich nicht. Sie sieht mich nicht.<br>Sie ist eine von vielen Hunden, die das Knallen der Feuerwerksk\u00f6rper in einen Ausnahmezustand versetzt.<br>Sie ist eine von vielen, die nicht wei\u00df, wie ihr geschieht.<br>Sie ist eine von vielen, die nicht versteht, was passiert.<br>In einem Moment der lustigste Hund, im anderen Moment ein H\u00e4ufchen Elend mit geweiteten Pupillen, rasendem Herzen und dem Fluchtgedanken.<br>Silvester kommt. Jedes Jahr knallt es Tage, teils Wochen fr\u00fcher. Und es versetzt unsere geliebten Vierbeiner in einen Zustand, der uns nur leid tun kann.<br>Wir knallen nicht. Wir geben daf\u00fcr kein Geld aus.<br>Wir werden auf dem Sofa sitzen um Mitternacht, eng aneinander gekuschelt und uns gegenseitig Halt geben.<br>Wir werden die Nacht gemeinsam \u00fcberstehen, weil der Hund nicht wei\u00df, warum das passiert.Und in den Momenten, wo er mich am meisten braucht, werde ich da sein.Wo bist du um Mitternacht?<\/p>\n\n\n<p>&nbsp;<\/p>\n<p><strong>Ein Brief von Deinem Hund an Dich<br \/>\n<\/strong><br \/>\nIch bin dein Hund und es gibt eine Kleinigkeit, die ich dir ins Ohr fl\u00fcstern m\u00f6chte.<br \/>\nIch wei\u00df, ihr Menschen seid sehr besch\u00e4ftigt. Manche m\u00fcssen arbeiten, manche m\u00fcssen Kinder gro\u00dfziehen. Immer musst du hierhin und dorthin laufen, oft viel zu schnell und oft auch, ohne die wirklich gro\u00dfartigen Dinge des Lebens zu bemerken.<br \/>\nSieh einmal zu mir herunter, w\u00e4hrend du jetzt an deinem Computer sitzt. Kannst du verstehen, auf welche Art meine dunkelb<span class=\"text_exposed_show\">raunen Augen in deine Augen sehen?<br \/>\nSie sind schon etwas tr\u00fcb geworden und ein paar graue Haare habe ich rund um meine Schnauze.<br \/>\nDu l\u00e4chelst mich an, ich sehe es in deinen Augen. Was siehst du in meinen? Siehst du mein Wesen?<br \/>\nEine Seele in mir, die dich so sehr liebt, wie niemand sonst es k\u00f6nnte? Einen Geist, der dir alle fr\u00fcheren Vers\u00e4umnisse vergeben w\u00fcrde, h\u00e4ttest du jetzt nur einen Moment Zeit f\u00fcr mich?<br \/>\nManchmal m\u00fcssen wir so jung sterben, so schnell, manchmal so pl\u00f6tzlich, dass es dein Herz zerbricht.<br \/>\nManchmal altern wir vor deinen Augen so langsam, dass du es nicht einmal merkst, ehe das Ende kommt, wenn wir dich mit ergrauten Schnauzen und kataraktumw\u00f6lkten Augen ansehen.<br \/>\n<\/span>Immer noch ist die Liebe da, sogar noch wenn wir uns diesem langen Schlaf hingeben m\u00fcssen, um frei in ein entferntes Land zu laufen, bis wir uns wiedersehen.<br \/>\nVielleicht bin ich morgen nicht mehr hier, vielleicht bin ich n\u00e4chste Woche nicht mehr hier.<br \/>\nEines Tages wirst du das Wasser aus deinen Augen wischen, das die Menschen haben, wenn tiefer Kummer ihre Seelen f\u00fcllt, und du wirst dir Vorw\u00fcrfe machen, dass du neulich nicht \u201enur einen weiteren Tag\u201c Zeit f\u00fcr mich hattest.<br \/>\nWeil ich dich so liebe, ber\u00fchren deine Sorgen meine Seele und machen mich traurig.<br \/>\nKomm her, setz dich zu mir auf den Boden und sieh mir tief in die Augen.<br \/>\nKomm nicht als \u201eAlpha\u201c zu mir oder als \u201eTrainer\u201c oder wom\u00f6glich als \u201eMama und Papa\u201c \u2026<br \/>\nKomm zu mir als eine lebende Seele, streich mir \u00fcbers Haar, lass uns einander in die Augen sehen und einfach \u201ereden\u201c.<br \/>\nDu hast einmal beschlossen, mich in deinem Leben zu haben, weil du wolltest, dass eine Seele Alles mit dir teilt. Jemand, der ganz anders ist als du \u2013 und hier bin ich.<\/p>\n<div class=\"text_exposed_show\">\n<p>Ich bin ein Hund, ich bin lebendig. Ich habe Gef\u00fchle, ich habe k\u00f6rperliche Sinne.<br \/>\nIch kann die Unterschiede in unserem Wesen, unseren Seelen f\u00fchlen.<br \/>\nMit all deinen Marotten bist du menschlich und ich liebe dich trotzdem.<\/p>\n<p>Nun komm, setz dich zu mir auf den Boden. Komm in meine Welt und lass die Zeit langsamer laufen, wenn auch nur f\u00fcr 15 Minuten. Vielleicht gibt es kein Morgen f\u00fcr uns.<br \/>\nDas Leben ist so furchtbar kurz \u2026<\/p>\n<p>In Liebe dein Hund<br \/>\n<span style=\"color: #000000;\">Verfasser:Unbekannt<\/span><\/p>\n<\/div>","protected":false},"excerpt":{"rendered":"<p>Denn ihre Zeit ist vom 1.Tag an begrenzt Sei nicht b\u00f6se,wenn sie beim Essen betteln,vor Ungeduld jaulen, etwas zerst\u00f6ren oder ankauen.Sei nicht b\u00f6se,wenn sie nicht in den Regen raus wollenden Wind spannender finden als Dich oder einen Geruch.Sei nicht b\u00f6se, wenn sie nicht Apportierennicht das toll finden, was du grade willst oder das von Dir [&hellip;]<\/p>\n","protected":false},"author":1,"featured_media":0,"parent":0,"menu_order":0,"comment_status":"open","ping_status":"closed","template":"","meta":{"jetpack_post_was_ever_published":false,"footnotes":""},"class_list":["post-1126","page","type-page","status-publish","hentry"],"jetpack_likes_enabled":true,"jetpack_sharing_enabled":true,"_links":{"self":[{"href":"http:\/\/mein-kuvasz.de\/index.php?rest_route=\/wp\/v2\/pages\/1126","targetHints":{"allow":["GET"]}}],"collection":[{"href":"http:\/\/mein-kuvasz.de\/index.php?rest_route=\/wp\/v2\/pages"}],"about":[{"href":"http:\/\/mein-kuvasz.de\/index.php?rest_route=\/wp\/v2\/types\/page"}],"author":[{"embeddable":true,"href":"http:\/\/mein-kuvasz.de\/index.php?rest_route=\/wp\/v2\/users\/1"}],"replies":[{"embeddable":true,"href":"http:\/\/mein-kuvasz.de\/index.php?rest_route=%2Fwp%2Fv2%2Fcomments&post=1126"}],"version-history":[{"count":5,"href":"http:\/\/mein-kuvasz.de\/index.php?rest_route=\/wp\/v2\/pages\/1126\/revisions"}],"predecessor-version":[{"id":2554,"href":"http:\/\/mein-kuvasz.de\/index.php?rest_route=\/wp\/v2\/pages\/1126\/revisions\/2554"}],"wp:attachment":[{"href":"http:\/\/mein-kuvasz.de\/index.php?rest_route=%2Fwp%2Fv2%2Fmedia&parent=1126"}],"curies":[{"name":"wp","href":"https:\/\/api.w.org\/{rel}","templated":true}]}}