{"id":1710,"date":"2019-05-28T20:59:31","date_gmt":"2019-05-28T18:59:31","guid":{"rendered":"http:\/\/mein-kuvasz.de\/?page_id=1710"},"modified":"2025-10-06T17:14:50","modified_gmt":"2025-10-06T15:14:50","slug":"majna-menti-makvirag-divna","status":"publish","type":"page","link":"http:\/\/mein-kuvasz.de\/?page_id=1710","title":{"rendered":"Majna-menti M\u00e1kvir\u00e1g Divna"},"content":{"rendered":"\n<p>Sie ist am 16.02.2019 geboren und das sie hier lebt ist ganz sicher Schicksal.<br>Ich glaube ja, man bekommt immer den Hund den man gerade braucht und<br>was Divi mir beibringen soll ist jetzt schon klar\u2026<strong>Gelassenheit<\/strong>!!<br>Wenn ich hochfahre und das tue ich relativ schnell, ist sie sofort dabei und das im positiven Sinne,&nbsp; sie kommt dann ganz ruhig zu&nbsp;mir und sagt bleib mal cool.<br>Divi\u2026sie vereint so viele Hundepers\u00f6nlichkeiten die einen festen Platz in meinem Herzen haben.<br>Ich denke je mehr Hunde man von einer Rasse hat\/hatte, desto mehr \u00c4hnlichkeiten kommen auch zum Vorschein,<br>ohne Vergleiche ziehen zu wollen,aber bei keinem Hund ist mir das so bewu\u00dft, wie bei Divi.<br><br>Trotzdem ist Divi nat\u00fcrlich eine ganz eigene Pers\u00f6nlichkeit und sie geh\u00f6rt mittlerweile echt zu meinen Seelenhunden.<br>Sie ist so sehr sozial, kompetent mit allen anderen Hunden und Menschen. Sie stellt sich schnell auf alle neuen Situationen ein und wirkt nie gestresst.<br>Sie ist sehr gen\u00fcgsam, nie muss sie die erste sein und teilt fast alles mit anderen, au\u00dfer Futter.<br>Sie ist gern dabei, \u00fcberall wenn es geht und das ist auch m\u00f6glich, weil sie nicht gro\u00df auff\u00e4llt, immer freundlich und gen\u00fcgsam ist. Sie kann auch mal einfach alleine irgendwo &#8222;geparkt&#8220; werden und ich kann sie jedem in die Hand dr\u00fccken.<br>Ich liebe es mit ihr zu kuscheln, sie rekelt sich dann gen\u00fcsslich, bis sie in R\u00fcckenlage alle Viere von sich streckt und anf\u00e4ngt zu tr\u00e4umen, wild rumzuckt und wufft.<br>Sie achtet auf mich und zeigt immer an, wenn es mir nicht gut geht. Man k\u00f6nnte denken sie ist emphatisch&#8230;..<br>Auch in ihrer Mutterrolle ist sie perfekt, besser h\u00e4tte es nicht sein k\u00f6nnen. auch wenn ich sie mir manchmal strenger w\u00fcnsche, aber sie wird schon wissen was&nbsp; richtig ist.<\/p>\n\n\n\n<p>Divi ist HD frei, ED und OCD frei, gPRA frei und bis Ende Zuchtalter ohne Auflagen angek\u00f6rt.<\/p>\n\n\n\n<figure class=\"wp-block-image size-large is-style-default\"><a href=\"https:\/\/i0.wp.com\/mein-kuvasz.de\/wp-content\/uploads\/2021\/10\/P16A4943-Bearbeitet.jpg\"><img data-recalc-dims=\"1\" loading=\"lazy\" decoding=\"async\" width=\"640\" height=\"427\" src=\"https:\/\/i0.wp.com\/mein-kuvasz.de\/wp-content\/uploads\/2021\/10\/P16A4943-Bearbeitet.jpg?resize=640%2C427\" alt=\"\" class=\"wp-image-2120\" srcset=\"https:\/\/i0.wp.com\/mein-kuvasz.de\/wp-content\/uploads\/2021\/10\/P16A4943-Bearbeitet.jpg?resize=1024%2C683 1024w, https:\/\/i0.wp.com\/mein-kuvasz.de\/wp-content\/uploads\/2021\/10\/P16A4943-Bearbeitet.jpg?resize=300%2C200 300w, https:\/\/i0.wp.com\/mein-kuvasz.de\/wp-content\/uploads\/2021\/10\/P16A4943-Bearbeitet.jpg?resize=768%2C512 768w, https:\/\/i0.wp.com\/mein-kuvasz.de\/wp-content\/uploads\/2021\/10\/P16A4943-Bearbeitet.jpg?resize=1536%2C1024 1536w, https:\/\/i0.wp.com\/mein-kuvasz.de\/wp-content\/uploads\/2021\/10\/P16A4943-Bearbeitet.jpg?w=2048 2048w, https:\/\/i0.wp.com\/mein-kuvasz.de\/wp-content\/uploads\/2021\/10\/P16A4943-Bearbeitet.jpg?w=1280 1280w, https:\/\/i0.wp.com\/mein-kuvasz.de\/wp-content\/uploads\/2021\/10\/P16A4943-Bearbeitet.jpg?w=1920 1920w\" sizes=\"auto, (max-width: 640px) 100vw, 640px\" \/><\/a><\/figure>\n\n\n\n<p><strong>Ausstellungsberichte:<\/strong><\/p>\n\n\n\n<p><span style=\"text-decoration: underline;\">VSA Isernhagen 2025<\/span><br>Offene Klasse am 14.09.2025<br>Richter Angelika Sassenberg<br>Bericht: 6 1\/2 j\u00e4hrige H\u00fcndin, feminiener Kopf mit v\u00f6rz\u00fcglichem Stopp, schwarzem Pigment, straffe Lefzen, ausgesprochen kr\u00e4ftiges, vollzahniges Scherengebiss, breite Brust, korrekte obere und untere Linie, korrekte Stellung und Winkelung der Vor- und Hinterhand, korrektes Haarkleid, lange korrekt getragene Rute, korrektes Gangwerk und liebes aufmerksames Wesen.<br>Formwert: V3, vorz\u00fcglich, dritter Platz<\/p>\n\n\n\n<p><span style=\"text-decoration: underline;\">GRA Loxstedt II 2024<\/span><br>Offene Klasse am 30.06.2024<br>Richter Elizabeth Gonzalez<br>Bericht: Gute optische Erscheinung, Fellwechsel, gute Beinl\u00e4nge, korrektes Gebiss, korrekte dunkle Pigmentierung, gute Oberlinie und Rutenansatz, feste Fesselung, Sprunggelenk k\u00f6nnte ein bisschen fester sein, Bewegung ist heute nicht stetig genug, sie ben\u00f6tigt mehr \u00dcbung\/Praxis, exaktes Temperament.<br>Formwert: SG3, sehr gut, dritter Platz<\/p>\n\n\n\n<p><span style=\"text-decoration: underline;\">CACIB Lingen 2023<\/span><br>Offene Klasse am 22.04.2023<br>Richter Hans-Joachim Dux<br>Bericht: 4 Jahre, korrekte Front, kr\u00e4ftiger Kopf, dunkle Augen, gerader R\u00fccken, korrekte Winkelungen, fl\u00fcssiges Gangwerk, freundliches Verhalten.<br>Formwert: V2, vorz\u00fcglich, zweiter Platz<\/p>\n\n\n\n<p><span style=\"text-decoration: underline;\">VSA KVD  Kirchhundem 2021<\/span><br>Offene Klasse am 03.10.2021<br>Richter Uwe N\u00f6lke<br>Bericht: 2 1\/2 j\u00e4hrige typvolle H\u00fcndin, parallele Kopflinien, sehr sch\u00f6nes dunkles Auge, vorz\u00fcgliches Pigment, sehr gut angesetzte Ohren, m\u00e4\u00dfige Halsl\u00e4nge, die Vorbrust m\u00fc\u00dfte ausgef\u00fcllter sein und die Ellenbogen liegen nicht gut an, sehr gut gelagerte Schulter, etwas wenig Brusttiefe, gerader fester R\u00fccken, die Rute wird korrekt getragen, in der Front gerade im Stand, in der Bewegung etwas einkreuzend, die Hinterhand ist gut gewinkelt und hat ausreichend Schub. Das noch vorhandene Haar hat eine gute Textur, ruhiges freundliches Verhalten, sehr gute Pr\u00e4sentation, die H\u00fcndin hat ihren Partydress zuhause gelassen.<br>Formwert: V1, vorz\u00fcglich, erster Platz  <\/p>\n\n\n\n<p><span style=\"text-decoration: underline;\">VSA KVD Hellenthal 2020<\/span><br>Zwischenklasse am 20.09.2020<br>Richter Gabriela H\u00f6llbacher<br>Bericht: 19 Monate alte H\u00fcndin mit h\u00fcbschem femininen Kopf, korrektes Scherengebiss, korrekte Ohren, vorz\u00fcgliches Pigment, Augen von guter Farbe, schon gute Brustbreite und Tiefe, im Stand vorne nicht ganz parallel, gute untere Linie, aufgrund des guten Futterzustandes etwas nachgebende Oberline, gute Rutenl\u00e4nge, harmonischer Bewegungsablauf mit unruhigem R\u00fccken, freundliches Wesen.<br>Formwert: V2, vorz\u00fcglich, zweiter Platz<\/p>\n\n\n\n<p><span style=\"text-decoration: underline;\">Bundessieger-Ausstellung Dortmund 2019<span style=\"text-decoration: underline;\"><\/span><\/span><br>J\u00fcngsten Klasse am 13.10.2019<br>Richter Ingrid Weiniger<br>Bericht: 8 Monate alte tempramentvolle freundliche H\u00fcndin, h\u00fcbscher Kopf, kr\u00e4ftig, denmoch elegant, Bewegung sehr schwer zu beurteilen, weil mehr gehopst wie gelaufen<br>Stand der Gliedma\u00dfen korrekt, starke Pigmente, tiefdunkle Augen, sch\u00f6nes reinwei\u00dfes Haarkleid, sehr freundliches liebes Wesen.<br>Formwert: vv1, vielversprechend, erster Platz <\/p>\n\n\n\n<p><span style=\"text-decoration: underline;\">KfUH Klubschau Horn-Bad Meinberg 2019<\/span><br>J\u00fcngsten Klasse am 22.09.2019<br>Richter Uwe N\u00f6lke<br>Bericht:  7 Monate alte Puppy, bereits sehr gut entwickelt, keilf\u00f6rmiger Kopf,  wundersch\u00f6nes dunkles Auge, vorz\u00fcgliches Pigment, straffe Lefzen, der  Kopf befindet sich noch in der Entwicklung, ebenso die Stirnfurche. Sehr  gut angesetzte und gekippte Ohren, bereits vorz\u00fcglich entwickelte  Vorbrust, gerade Front, sehr gut entwickelte Laufknochen, langer gut  geformter Rippenkorb, f\u00fcr das Alter sehr gut gewinkelte Hinterhand, sie  braucht etwas mehr Kontrolle in der Bewegung, sehr sch\u00f6nes Haarkleid mit  sehr guter Textur, entz\u00fcckendes freundliches Verhalten im Ring, eine  hoffnungsvolle Nachwuchsh\u00fcndin.<br>Formwert: vv1, vielversprechend, erster Platz <\/p>\n\n\n\n<p><span style=\"text-decoration: underline;\">Vereinssieger-Zuchtschau Kuvasz-Freunde Querschied 2019<\/span><br>J\u00fcngsten Klasse am 08.09.2019<br>Richter Coby van Kessel<br>Bericht: fast 7 Monate junge Dame, Kopf mit bereits guten Proportionen, dunkle Augen, gut angesetzte und getragene Ohren, Scherengebiss, gute Winkelungen vorn und hinten, sch\u00f6ne Brustbreite und bereits gute Tiefe, gute Ober- und Unterlienierechte Beine und kompakte F\u00fc\u00dfe, spielerisches Gangwerk, sch\u00f6ne lange Rute, Haarkleid im Wechsel noch voll in der Entwicklung, liebes Wesen<br>Formwert: vv3, vielversprechend, dritter Platz<\/p>\n\n\n\n<p><\/p>\n\n\n\n<p><\/p>\n\n\n\n<p><\/p>\n\n\n\n<p><\/p>\n\n\n\n<p><\/p>\n","protected":false},"excerpt":{"rendered":"<p>Sie ist am 16.02.2019 geboren und das sie hier lebt ist ganz sicher Schicksal.Ich glaube ja, man bekommt immer den Hund den man gerade braucht undwas Divi mir beibringen soll ist jetzt schon klar\u2026Gelassenheit!!Wenn ich hochfahre und das tue ich relativ schnell, ist sie sofort dabei und das im positiven Sinne,&nbsp; sie kommt dann ganz [&hellip;]<\/p>\n","protected":false},"author":1,"featured_media":0,"parent":0,"menu_order":0,"comment_status":"closed","ping_status":"closed","template":"","meta":{"jetpack_post_was_ever_published":false,"footnotes":""},"class_list":["post-1710","page","type-page","status-publish","hentry"],"jetpack_likes_enabled":true,"jetpack_sharing_enabled":true,"_links":{"self":[{"href":"http:\/\/mein-kuvasz.de\/index.php?rest_route=\/wp\/v2\/pages\/1710","targetHints":{"allow":["GET"]}}],"collection":[{"href":"http:\/\/mein-kuvasz.de\/index.php?rest_route=\/wp\/v2\/pages"}],"about":[{"href":"http:\/\/mein-kuvasz.de\/index.php?rest_route=\/wp\/v2\/types\/page"}],"author":[{"embeddable":true,"href":"http:\/\/mein-kuvasz.de\/index.php?rest_route=\/wp\/v2\/users\/1"}],"replies":[{"embeddable":true,"href":"http:\/\/mein-kuvasz.de\/index.php?rest_route=%2Fwp%2Fv2%2Fcomments&post=1710"}],"version-history":[{"count":10,"href":"http:\/\/mein-kuvasz.de\/index.php?rest_route=\/wp\/v2\/pages\/1710\/revisions"}],"predecessor-version":[{"id":2714,"href":"http:\/\/mein-kuvasz.de\/index.php?rest_route=\/wp\/v2\/pages\/1710\/revisions\/2714"}],"wp:attachment":[{"href":"http:\/\/mein-kuvasz.de\/index.php?rest_route=%2Fwp%2Fv2%2Fmedia&parent=1710"}],"curies":[{"name":"wp","href":"https:\/\/api.w.org\/{rel}","templated":true}]}}