{"id":1988,"date":"2020-11-04T20:34:59","date_gmt":"2020-11-04T19:34:59","guid":{"rendered":"http:\/\/mein-kuvasz.de\/?page_id=1988"},"modified":"2025-10-06T17:13:53","modified_gmt":"2025-10-06T15:13:53","slug":"majna-menti-makvirag-eperke","status":"publish","type":"page","link":"http:\/\/mein-kuvasz.de\/?page_id=1988","title":{"rendered":"Majna-menti M\u00e1kvir\u00e1g Eperke"},"content":{"rendered":"\n<p>Das Erdbeerchen, geboren am 22.10.2020<\/p>\n\n\n\n<p>Sie ist ein Geschenk und das in jedem Sinne (zu Melanie schiel), sie durfte kommen weil Ria gegangen ist und in manchen Dingen denke ich es ist Rias Wiedergeburt.<br>Sie macht so viele Dinge, die mich an Ria erinnern, sie redet laut, sie spielt mit mir an der Leine Kr\u00e4ftemessen, sie bettelt und ist verfressen, auch wenn es nicht essbar ist. <br>Sie braucht N\u00e4he und sie wickelt mich um die kleine Pfote.<br>Zu Weihnachten ist sie eingezogen und hat unsere Herzen im Sturm erobert, auch Divi ist hin und weg und hat sie gleich adoptiert.<br>Genannt wird sie hier einfach \u00c4ppi oder Happy \u00c4ppi, denn sie ist wirklich immer fr\u00f6hlich.<\/p>\n\n\n\n<p>Vom Wesen her ist sie ein bisschen anlehnungsbed\u00fcrftig, sie braucht immer etwas Zeit, um Dinge zu verarbeiten und sich an neue Dinge zu gew\u00f6hnen, manche Sachen machen ihr Angst und es braucht etwas Einf\u00fchlungsverm\u00f6gen, damit sie sich sicher f\u00fchlt.<br>Das ist f\u00fcr mich schwer, aber wie ich immer sage, man bekommt immer den Hund den man gerade braucht. Es wird seinen Sinn haben und wir werden das meistern.&nbsp; Sie neigt auch mit ihren zwei Jahren immer noch zu \u00dcbersprungshandlungen und ist mit manchen Situationen echt \u00fcberfordert. Sie ist unser Behindertenanteil \ud83d\ude09  und bekommt alle Zeit der Welt.<br>Sonst ist sie ein Halligalli Typ, f\u00fcr jeden wilden Schei\u00df zu haben und sie liebt Wasser.<br>Als Nany f\u00fcr Divis Welpen war sie wirklich unschlagbar gut. Sowas kann sich jeder Z\u00fcchter nur w\u00fcnschen, sie spielte mit ihren, erzog sie aber auch und konnte Grenzen setzen. Was Divi leider nicht konnte oder es war ihr nicht wichtig. <br>\u00c4ppi ist mein Schatten, wo immer ich bin, ist auch sie. Sie braucht einfach diese N\u00e4he zu mir, kann aber trotzdem wunderbar mit den anderen Hundne allein bleiben ohne Stress zu haben. Sie schl\u00e4ft nachts eng an mich gekuschelt und man sp\u00fcrt einfach dieses Vertrauen, das sie in mich setzt.   Sie braucht mich einfach als ihren Anker.<br><br>Sie ist einfach ein s\u00fc\u00dfer Fratz und das Beste was uns zu Divi passieren konnte.<\/p>\n\n\n\n<figure class=\"wp-block-image size-large is-style-default\"><a href=\"https:\/\/i0.wp.com\/mein-kuvasz.de\/wp-content\/uploads\/2021\/10\/P16A4917-Bearbeitet.jpg\"><img data-recalc-dims=\"1\" loading=\"lazy\" decoding=\"async\" width=\"640\" height=\"427\" src=\"https:\/\/i0.wp.com\/mein-kuvasz.de\/wp-content\/uploads\/2021\/10\/P16A4917-Bearbeitet.jpg?resize=640%2C427\" alt=\"\" class=\"wp-image-2124\" srcset=\"https:\/\/i0.wp.com\/mein-kuvasz.de\/wp-content\/uploads\/2021\/10\/P16A4917-Bearbeitet.jpg?resize=1024%2C683 1024w, https:\/\/i0.wp.com\/mein-kuvasz.de\/wp-content\/uploads\/2021\/10\/P16A4917-Bearbeitet.jpg?resize=300%2C200 300w, https:\/\/i0.wp.com\/mein-kuvasz.de\/wp-content\/uploads\/2021\/10\/P16A4917-Bearbeitet.jpg?resize=768%2C512 768w, https:\/\/i0.wp.com\/mein-kuvasz.de\/wp-content\/uploads\/2021\/10\/P16A4917-Bearbeitet.jpg?resize=1536%2C1024 1536w, https:\/\/i0.wp.com\/mein-kuvasz.de\/wp-content\/uploads\/2021\/10\/P16A4917-Bearbeitet.jpg?w=2048 2048w, https:\/\/i0.wp.com\/mein-kuvasz.de\/wp-content\/uploads\/2021\/10\/P16A4917-Bearbeitet.jpg?w=1280 1280w, https:\/\/i0.wp.com\/mein-kuvasz.de\/wp-content\/uploads\/2021\/10\/P16A4917-Bearbeitet.jpg?w=1920 1920w\" sizes=\"auto, (max-width: 640px) 100vw, 640px\" \/><\/a><\/figure>\n\n\n\n<p><strong>Ausstellungsberichte:<\/strong><\/p>\n\n\n\n<p><span style=\"text-decoration: underline;\">VSA Isernhagen 2025<\/span><br>offene Klasse am 14.09.2025<br>Richter Angelika Sassenberg<br>Bericht: knapp 5 j\u00e4hrige H\u00fcndin, die sehr gut im Futter steht, ausdrucksstarker feminiener Kopf, schwarzes Pigment, straffe Lefzen, kr\u00e4ftiges vollzahniges Scherengebiss, sehr sch\u00f6ne Brustpartie, gerade R\u00fcckenlinie, korrektes Haarkleid, fl\u00fcssiges Gangwerk, liebes aufmerksames Verhalten. <br>Formwert: V4, vorz\u00fcglich, vierter Platz<\/p>\n\n\n\n<p> <span style=\"text-decoration: underline;\">VSA KVD Kirchhundem 2021<\/span><br>Jugend Klasse am 03.10.2021<br>Richter Uwe N\u00f6lke<br>Bericht: 11 Monate alte typvolle H\u00fcndin, parallele Kopflinie, sehr gute Stirnfurche, vorz\u00fcgliches Pigment, die Ohren sind sehr gut angesetzt und sehr gut getragen, rassetypische Halsl\u00e4nge, die Vorbrust ist altersgem\u00e4\u00df entwickelt, sehr gut geformter Rippenkorb, die Ellenbogen liegen gut an, gerader fester R\u00fccken, gut gerundete Kruppe mit korrekt getragener Rute, in der Front gerade im Stand und parallel in der Bewegung, die Hinterhand ist sehr gut gewinkelt, sie bewegt sich etwas hackeneng, sehr sch\u00f6ne Haaartextur, freundliches ausmerksamens Wesen und gute Pr\u00e4sentation. <br>Formwert: V2, vorz\u00fcglich, zweiter Platz <br><br><span style=\"text-decoration: underline;\">GRA Loxstedt II 2021<\/span><br>J\u00fcngsten Klasse am 04.07.2021<br>Richter Regina Blessing<br>Bericht: 8 Monate alte sehr vielversprechende Jungh\u00fcndin im richtigem Format, typvoller Kopf und Ausdruck. Sehr gutes Pigment, korrekte Obere- und Unterelinie, f\u00fcr das Alter vorz\u00fcglich entwickelter Brustkorb, m\u00e4ssige Winkelungen, bereits vorz\u00fcglich entwickeltes Haar, bewegt sich fl\u00fcssig.<br>Formwert: vv1, vielversprechend, erster Platz<\/p>\n","protected":false},"excerpt":{"rendered":"<p>Das Erdbeerchen, geboren am 22.10.2020 Sie ist ein Geschenk und das in jedem Sinne (zu Melanie schiel), sie durfte kommen weil Ria gegangen ist und in manchen Dingen denke ich es ist Rias Wiedergeburt.Sie macht so viele Dinge, die mich an Ria erinnern, sie redet laut, sie spielt mit mir an der Leine Kr\u00e4ftemessen, sie [&hellip;]<\/p>\n","protected":false},"author":1,"featured_media":0,"parent":0,"menu_order":0,"comment_status":"closed","ping_status":"closed","template":"","meta":{"jetpack_post_was_ever_published":false,"footnotes":""},"class_list":["post-1988","page","type-page","status-publish","hentry"],"jetpack_likes_enabled":true,"jetpack_sharing_enabled":true,"_links":{"self":[{"href":"http:\/\/mein-kuvasz.de\/index.php?rest_route=\/wp\/v2\/pages\/1988","targetHints":{"allow":["GET"]}}],"collection":[{"href":"http:\/\/mein-kuvasz.de\/index.php?rest_route=\/wp\/v2\/pages"}],"about":[{"href":"http:\/\/mein-kuvasz.de\/index.php?rest_route=\/wp\/v2\/types\/page"}],"author":[{"embeddable":true,"href":"http:\/\/mein-kuvasz.de\/index.php?rest_route=\/wp\/v2\/users\/1"}],"replies":[{"embeddable":true,"href":"http:\/\/mein-kuvasz.de\/index.php?rest_route=%2Fwp%2Fv2%2Fcomments&post=1988"}],"version-history":[{"count":9,"href":"http:\/\/mein-kuvasz.de\/index.php?rest_route=\/wp\/v2\/pages\/1988\/revisions"}],"predecessor-version":[{"id":2713,"href":"http:\/\/mein-kuvasz.de\/index.php?rest_route=\/wp\/v2\/pages\/1988\/revisions\/2713"}],"wp:attachment":[{"href":"http:\/\/mein-kuvasz.de\/index.php?rest_route=%2Fwp%2Fv2%2Fmedia&parent=1988"}],"curies":[{"name":"wp","href":"https:\/\/api.w.org\/{rel}","templated":true}]}}