{"id":2219,"date":"2022-03-25T11:52:33","date_gmt":"2022-03-25T10:52:33","guid":{"rendered":"http:\/\/mein-kuvasz.de\/?page_id=2219"},"modified":"2022-04-26T12:49:31","modified_gmt":"2022-04-26T10:49:31","slug":"c-wurf-tagebuch","status":"publish","type":"page","link":"http:\/\/mein-kuvasz.de\/?page_id=2219","title":{"rendered":"C Wurf Tagebuch"},"content":{"rendered":"\n<h2 class=\"wp-block-heading\">24. April.2022<\/h2>\n\n\n\n<p>Die Welpen sind daaaaaa! 3 R\u00fcden und 2 M\u00e4dels.<br>Ich hoffe ich schaffe es hier das Ganze immer zu aktualisieren, ansonsten gerne einfach <a href=\"https:\/\/www.facebook.com\/claudia.feldbusch.7\">hier <\/a>vorbeischauen.<\/p>\n\n\n\n<h2 class=\"wp-block-heading\">26. M\u00e4rz 2022<\/h2>\n\n\n\n<p>Ich finde man kann schon ein B\u00e4uchlein sehen, heute ist der 32. Tag. Divi hat nur noch Fressen im Kopf&#8230;.ok und schlafen.<\/p>\n\n\n\n<figure class=\"wp-block-image size-large\"><a href=\"https:\/\/i0.wp.com\/mein-kuvasz.de\/wp-content\/uploads\/2022\/03\/277227091_1976148925891092_1085547462657402404_n.jpg\"><img data-recalc-dims=\"1\" loading=\"lazy\" decoding=\"async\" width=\"640\" height=\"361\" src=\"https:\/\/i0.wp.com\/mein-kuvasz.de\/wp-content\/uploads\/2022\/03\/277227091_1976148925891092_1085547462657402404_n.jpg?resize=640%2C361\" alt=\"\" class=\"wp-image-2229\" srcset=\"https:\/\/i0.wp.com\/mein-kuvasz.de\/wp-content\/uploads\/2022\/03\/277227091_1976148925891092_1085547462657402404_n.jpg?resize=1024%2C577 1024w, https:\/\/i0.wp.com\/mein-kuvasz.de\/wp-content\/uploads\/2022\/03\/277227091_1976148925891092_1085547462657402404_n.jpg?resize=300%2C169 300w, https:\/\/i0.wp.com\/mein-kuvasz.de\/wp-content\/uploads\/2022\/03\/277227091_1976148925891092_1085547462657402404_n.jpg?resize=768%2C432 768w, https:\/\/i0.wp.com\/mein-kuvasz.de\/wp-content\/uploads\/2022\/03\/277227091_1976148925891092_1085547462657402404_n.jpg?resize=1536%2C865 1536w, https:\/\/i0.wp.com\/mein-kuvasz.de\/wp-content\/uploads\/2022\/03\/277227091_1976148925891092_1085547462657402404_n.jpg?w=2048 2048w, https:\/\/i0.wp.com\/mein-kuvasz.de\/wp-content\/uploads\/2022\/03\/277227091_1976148925891092_1085547462657402404_n.jpg?w=1280 1280w, https:\/\/i0.wp.com\/mein-kuvasz.de\/wp-content\/uploads\/2022\/03\/277227091_1976148925891092_1085547462657402404_n.jpg?w=1920 1920w\" sizes=\"auto, (max-width: 640px) 100vw, 640px\" \/><\/a><\/figure>\n\n\n\n<h2 class=\"wp-block-heading\">24. M\u00e4rz 2022<\/h2>\n\n\n\n<figure class=\"wp-block-image size-large\"><a href=\"https:\/\/i0.wp.com\/mein-kuvasz.de\/wp-content\/uploads\/2022\/03\/277164970_1974674796038505_1554396638301793055_n.jpg\"><img data-recalc-dims=\"1\" loading=\"lazy\" decoding=\"async\" width=\"640\" height=\"388\" src=\"https:\/\/i0.wp.com\/mein-kuvasz.de\/wp-content\/uploads\/2022\/03\/277164970_1974674796038505_1554396638301793055_n.jpg?resize=640%2C388\" alt=\"\" class=\"wp-image-2214\" srcset=\"https:\/\/i0.wp.com\/mein-kuvasz.de\/wp-content\/uploads\/2022\/03\/277164970_1974674796038505_1554396638301793055_n.jpg?resize=1024%2C620 1024w, https:\/\/i0.wp.com\/mein-kuvasz.de\/wp-content\/uploads\/2022\/03\/277164970_1974674796038505_1554396638301793055_n.jpg?resize=300%2C181 300w, https:\/\/i0.wp.com\/mein-kuvasz.de\/wp-content\/uploads\/2022\/03\/277164970_1974674796038505_1554396638301793055_n.jpg?resize=768%2C465 768w, https:\/\/i0.wp.com\/mein-kuvasz.de\/wp-content\/uploads\/2022\/03\/277164970_1974674796038505_1554396638301793055_n.jpg?resize=1536%2C929 1536w, https:\/\/i0.wp.com\/mein-kuvasz.de\/wp-content\/uploads\/2022\/03\/277164970_1974674796038505_1554396638301793055_n.jpg?w=2048 2048w, https:\/\/i0.wp.com\/mein-kuvasz.de\/wp-content\/uploads\/2022\/03\/277164970_1974674796038505_1554396638301793055_n.jpg?w=1280 1280w, https:\/\/i0.wp.com\/mein-kuvasz.de\/wp-content\/uploads\/2022\/03\/277164970_1974674796038505_1554396638301793055_n.jpg?w=1920 1920w\" sizes=\"auto, (max-width: 640px) 100vw, 640px\" \/><\/a><figcaption>Divis Welpen, kleine Blubberblasen<\/figcaption><\/figure>\n\n\n\n<p>heute waren wir mit Divi beim Ultraschall, sie bekommt Babys \ud83d\ude42<br>4 Welpen konnten wir sehen, also auf keinen Fall ein Einzelkind, ob sich noch mehr verstecken, werden wir in 4 Wochen sehen.<\/p>\n\n\n\n<h2 class=\"wp-block-heading\">22. Februar 2022<\/h2>\n\n\n\n<p>Fiete und Divi hatten die letzten Tage \u00f6fter mal ein Date.<br>Die beiden sind ja Erstt\u00e4ter und so dauerte es ein bi\u00dfchen, bis sie die Technik richtig raus hatten, aber dann klappte es problemlos. <br>Nun erwarten wir zu Ende April wundervolle Welpen.<br>Beide Hunde zeichnet ein wunderbarer Charakter aus, sie sind sehr gelassen, ruhen in sich selbst und sind sozial- und umweltsicher.<\/p>\n\n\n\n<figure class=\"wp-block-image size-large\"><a href=\"https:\/\/i0.wp.com\/mein-kuvasz.de\/wp-content\/uploads\/2022\/02\/2.jpg\"><img data-recalc-dims=\"1\" loading=\"lazy\" decoding=\"async\" width=\"640\" height=\"427\" src=\"https:\/\/i0.wp.com\/mein-kuvasz.de\/wp-content\/uploads\/2022\/02\/2.jpg?resize=640%2C427\" alt=\"\" class=\"wp-image-2185\" srcset=\"https:\/\/i0.wp.com\/mein-kuvasz.de\/wp-content\/uploads\/2022\/02\/2.jpg?resize=1024%2C683 1024w, https:\/\/i0.wp.com\/mein-kuvasz.de\/wp-content\/uploads\/2022\/02\/2.jpg?resize=300%2C200 300w, https:\/\/i0.wp.com\/mein-kuvasz.de\/wp-content\/uploads\/2022\/02\/2.jpg?resize=768%2C512 768w, https:\/\/i0.wp.com\/mein-kuvasz.de\/wp-content\/uploads\/2022\/02\/2.jpg?w=1470 1470w, https:\/\/i0.wp.com\/mein-kuvasz.de\/wp-content\/uploads\/2022\/02\/2.jpg?w=1280 1280w\" sizes=\"auto, (max-width: 640px) 100vw, 640px\" \/><\/a><\/figure>\n","protected":false},"excerpt":{"rendered":"<p>24. April.2022 Die Welpen sind daaaaaa! 3 R\u00fcden und 2 M\u00e4dels.Ich hoffe ich schaffe es hier das Ganze immer zu aktualisieren, ansonsten gerne einfach hier vorbeischauen. 26. M\u00e4rz 2022 Ich finde man kann schon ein B\u00e4uchlein sehen, heute ist der 32. Tag. Divi hat nur noch Fressen im Kopf&#8230;.ok und schlafen. 24. M\u00e4rz 2022 heute [&hellip;]<\/p>\n","protected":false},"author":1,"featured_media":0,"parent":0,"menu_order":0,"comment_status":"closed","ping_status":"closed","template":"","meta":{"jetpack_post_was_ever_published":false,"footnotes":""},"class_list":["post-2219","page","type-page","status-publish","hentry"],"jetpack_likes_enabled":true,"jetpack_sharing_enabled":true,"_links":{"self":[{"href":"http:\/\/mein-kuvasz.de\/index.php?rest_route=\/wp\/v2\/pages\/2219","targetHints":{"allow":["GET"]}}],"collection":[{"href":"http:\/\/mein-kuvasz.de\/index.php?rest_route=\/wp\/v2\/pages"}],"about":[{"href":"http:\/\/mein-kuvasz.de\/index.php?rest_route=\/wp\/v2\/types\/page"}],"author":[{"embeddable":true,"href":"http:\/\/mein-kuvasz.de\/index.php?rest_route=\/wp\/v2\/users\/1"}],"replies":[{"embeddable":true,"href":"http:\/\/mein-kuvasz.de\/index.php?rest_route=%2Fwp%2Fv2%2Fcomments&post=2219"}],"version-history":[{"count":6,"href":"http:\/\/mein-kuvasz.de\/index.php?rest_route=\/wp\/v2\/pages\/2219\/revisions"}],"predecessor-version":[{"id":2268,"href":"http:\/\/mein-kuvasz.de\/index.php?rest_route=\/wp\/v2\/pages\/2219\/revisions\/2268"}],"wp:attachment":[{"href":"http:\/\/mein-kuvasz.de\/index.php?rest_route=%2Fwp%2Fv2%2Fmedia&parent=2219"}],"curies":[{"name":"wp","href":"https:\/\/api.w.org\/{rel}","templated":true}]}}