{"id":86,"date":"2015-10-26T18:54:16","date_gmt":"2015-10-26T18:54:16","guid":{"rendered":"http:\/\/mein-kuvasz.de\/?page_id=86"},"modified":"2017-09-02T11:20:22","modified_gmt":"2017-09-02T09:20:22","slug":"anje","status":"publish","type":"page","link":"http:\/\/mein-kuvasz.de\/?page_id=86","title":{"rendered":"Anj\u00e9"},"content":{"rendered":"<p>Ich kann nicht bleiben, ich mu\u00df nun gehn..<\/p>\n<p>der Regenbogen ruft in den sch\u00f6nsten Farben, aber immer wenn es regnet und die Sonne scheint, bin ich bei Dir und leuchte nur f\u00fcr Dich.<\/p>\n<p>Denk immer daran , Du hast mich nicht verloren,ich bin Dir den Weg nur voraus gegangen.<\/p>\n<p>Der Tag wird kommen, an dem wir uns wieder sehen und wieder gemeinsam gehn.<\/p>\n<p>Bis dahin lebe ich in Deinem Herzen weiter&#8230;.<\/p>\n<p style=\"text-align: center;\"><img data-recalc-dims=\"1\" loading=\"lazy\" decoding=\"async\" class=\"alignnone wp-image-211 size-full\" src=\"https:\/\/i0.wp.com\/mein-kuvasz.de\/wp-content\/uploads\/2015\/10\/anje34a.jpg?resize=500%2C600\" alt=\"anje34a\" width=\"500\" height=\"600\" srcset=\"https:\/\/i0.wp.com\/mein-kuvasz.de\/wp-content\/uploads\/2015\/10\/anje34a.jpg?w=500 500w, https:\/\/i0.wp.com\/mein-kuvasz.de\/wp-content\/uploads\/2015\/10\/anje34a.jpg?resize=250%2C300 250w\" sizes=\"auto, (max-width: 500px) 100vw, 500px\" \/><\/p>\n<p>Mach\u00b4s gut kleines Reh\u00e4uglein&#8230;<br \/>\nSchon bei Deiner Geburt wusste ich: <b>Du bist mein Hund<\/b>.<br \/>\nDu warst einfach mein Schatten, Dein ganzes Leben lang hast Du mir Freude bereitet. Wusstest wie Du mich aufheitern konntest und warst einfach immer f\u00fcr mich da.<br \/>\nDu warst eine bewundernswerte Pers\u00f6nlichkeit mit einer Mimik, die es kein zweites Mal geben wird.<\/p>\n<p>Ich bin Dir f\u00fcr unsere gemeinsame Zeit sehr dankbar und Du bist immer noch hier&#8230; Dein Frauchen.<\/p>\n","protected":false},"excerpt":{"rendered":"<p>Ich kann nicht bleiben, ich mu\u00df nun gehn.. der Regenbogen ruft in den sch\u00f6nsten Farben, aber immer wenn es regnet und die Sonne scheint, bin ich bei Dir und leuchte nur f\u00fcr Dich. Denk immer daran , Du hast mich nicht verloren,ich bin Dir den Weg nur voraus gegangen. Der Tag wird kommen, an dem [&hellip;]<\/p>\n","protected":false},"author":1,"featured_media":0,"parent":0,"menu_order":0,"comment_status":"closed","ping_status":"closed","template":"","meta":{"jetpack_post_was_ever_published":false,"footnotes":""},"class_list":["post-86","page","type-page","status-publish","hentry"],"jetpack_likes_enabled":true,"jetpack_sharing_enabled":false,"_links":{"self":[{"href":"http:\/\/mein-kuvasz.de\/index.php?rest_route=\/wp\/v2\/pages\/86","targetHints":{"allow":["GET"]}}],"collection":[{"href":"http:\/\/mein-kuvasz.de\/index.php?rest_route=\/wp\/v2\/pages"}],"about":[{"href":"http:\/\/mein-kuvasz.de\/index.php?rest_route=\/wp\/v2\/types\/page"}],"author":[{"embeddable":true,"href":"http:\/\/mein-kuvasz.de\/index.php?rest_route=\/wp\/v2\/users\/1"}],"replies":[{"embeddable":true,"href":"http:\/\/mein-kuvasz.de\/index.php?rest_route=%2Fwp%2Fv2%2Fcomments&post=86"}],"version-history":[{"count":5,"href":"http:\/\/mein-kuvasz.de\/index.php?rest_route=\/wp\/v2\/pages\/86\/revisions"}],"predecessor-version":[{"id":561,"href":"http:\/\/mein-kuvasz.de\/index.php?rest_route=\/wp\/v2\/pages\/86\/revisions\/561"}],"wp:attachment":[{"href":"http:\/\/mein-kuvasz.de\/index.php?rest_route=%2Fwp%2Fv2%2Fmedia&parent=86"}],"curies":[{"name":"wp","href":"https:\/\/api.w.org\/{rel}","templated":true}]}}