{"id":42,"date":"2015-10-26T18:57:28","date_gmt":"2015-10-26T18:57:28","guid":{"rendered":"http:\/\/mein-kuvasz.de\/?page_id=42"},"modified":"2017-09-02T11:16:52","modified_gmt":"2017-09-02T09:16:52","slug":"praxis","status":"publish","type":"page","link":"https:\/\/mein-kuvasz.de\/?page_id=42","title":{"rendered":"Praxis"},"content":{"rendered":"<p>Vorab m\u00f6chte ich anmerken, das die folgenden Ausf\u00fchrungen unsere pers\u00f6nlichen Erfahrungen wieder spiegeln und keinesfalls als &#8222;Allgemeing\u00fcltig&#8220; anzusehen sind.<\/p>\n<p><b>Haltung :<\/b><\/p>\n<p>Unsere Hunde leben mit uns gemeinsam und werden r\u00e4umlich nicht begrenzt. Wir gehen mit unseren Hunden 3mal am Tag raus, Zwei kleine G\u00e4nge zum L\u00f6sen und ein gro\u00dfer Spaziergang von ca. zwei Stunden. Bei diesem haben sie Gelegenheit miteinander zu toben und das eben nicht nur im eigenen Garten! Ich gebe zu, mehrere Hunde zu haben ist von Vorteil, da sie sich so viel miteinander besch\u00e4ftigen und sich auch gegenseitig erziehen.<br \/>\nMittlerweile haben wir auch eine nette Hundetruppe mit denen wir laufen und je nachdem mit oder ohne Leine, falls ein paar Krawallschachteln dabei sind.<br \/>\nVon Au\u00dfenhaltung des Kuvasz ist streng abzuraten, denn was kann schlimmer sein, als einem Kuvasz sein Rudel zu nehmen!? Unsere Hunde sind Familienmitglieder und so leben sie\u00a0 auch mit uns zusammen !!!<br \/>\nAbends sind sie ausgelastet und genie\u00dfen Streicheleinheiten auf dem Sofa.<\/p>\n<p>Achja, noch ein Wort zur F\u00fctterung. Unsere Hunde werden gebarft (<b>B<\/b>iologisches <b>A<\/b>rtgerechtes <b>R<\/b>ohes <b>F<\/b>utter). Meine Futterkosten belaufen sich auf etwa 50,-\u20ac pro Hund und Monat.<\/p>\n<p><b>Pflege :<\/b><\/p>\n<p>Ich b\u00fcrste meine Hunde ein mal die Woche\u00a0 und halte bei der Fellpflege gleich Ausschau nach Parasiten, wie Fl\u00f6he oder Zecken. Bei meinen Hunden ist es n\u00f6tig die Krallen regelm\u00e4\u00dfig zu k\u00fcrzen und nat\u00fcrlich auch die Ohren zu kontrollieren und zu reinigen.<br \/>\nEinmal im Jahr werden sie auch gebadet, weil sie einfach viel Hautfett produzieren, sich dann auch so anf\u00fchlen und man beim durch kraulen gleich ganz graue Finger bekommt.<br \/>\nDas war es auch schon, ich finde die Pflege eines Kuvasz schon sehr einfach und leicht.<\/p>\n<p><b>Erziehung :<\/b><\/p>\n<p>Die Erziehung des Kuvasz ist ein schwieriges Thema und es gibt leider auch kein Grundrezept.<\/p>\n<p>Wer von seinem Hund absolutes Gehorsam erwartet, sollte von der Rasse Kuvasz Abstand halten. Dieser Hund verf\u00fcgt nicht \u00fcber eine 100%ige Unterordnungsbereitschaft, wie manch andere Rasse.<\/p>\n<p>Ein Kuvasz ist ein sehr selbstst\u00e4ndiger Hund, dessen Eigenschaften man kennen und respektieren mu\u00df, um positiv auf sein Verhalten einwirken zu k\u00f6nnen. Diese Eigenschaften sollte man sich bei der Erziehung zu Nutze machen, wie zum Beispiel die unerme\u00dfliche Neugier. Einige Kuvasz sind auch sehr verfressen und dadurch gut mit Leckelis zu motivieren.<br \/>\nUnerl\u00e4\u00dflich bei der Erziehung sind Liebe, Geduld, Ausdauer und Behaarlichkeit. Sobald der Hund merkt, das er seinen Besitzern auf der Nase rum tanzen kann, wird er dies auch tun und versuchen das Sagen zu \u00fcbernehmen, ohne gleich die Weltherrschaft an sich zu rei\u00dfen \ud83d\ude09\u00a0 Damit m\u00f6chte ich nicht ausdr\u00fccken, das man den Kuvasz &#8222;klein&#8220; halten sollte, geschweige denn H\u00e4rte und Gewalt anwenden mu\u00df. Ganz im Gegenteil, auf H\u00e4rte reagiert der Kuvasz nur stur und wird sich fr\u00fcher oder sp\u00e4ter zur Wehr setzen. Trotzdem muss man seinem Hund von Anfang an Grenzen setzen, um ihm sp\u00e4ter gr\u00f6\u00dftm\u00f6gliche Freiheiten zu erm\u00f6glichen.<br \/>\nDazu mu\u00df man sich selbst erst mal Ziele stecken.Was erwarte ich von meinem Hund ? Was ist machbar und wie kann ich es umsetzen?<br \/>\nWenn man sich dar\u00fcber im Klaren ist, kann man Strategien entwickeln und los legen.<\/p>\n<p>Meiner Meinung nach, beginnt die Erziehung schon beim Z\u00fcchter. Dieser legt den Grundstein f\u00fcr seine Weiterentwicklung. Das beinhaltet die Sozialisierung unter den Welpen und Ma\u00dfregelungen anderer vierbeiniger Rudelmitglieder, wie der Mutterh\u00fcndin. Weiterhin sollte der Z\u00fcchter darauf achten, den Welpen nicht alles durch gehen zu lassen. Welpen wollen ihre Grenzen austesten, nur so k\u00f6nnen sie lernen. Das f\u00e4ngt an beim Zwicken in die Hosenbeine und h\u00f6rt beim Bei\u00dfen in die H\u00e4nde auf, wenn man sie gegen ihren Willen fest h\u00e4lt. Solch ein Verhalten sollte unterbunden werden und zwar durch einen Schmerzlaut oder durch schlichtes Zur\u00fcckkneifen. Das h\u00f6rt sich komisch an, ist aber sehr wirkungsvoll. So merkt der Kuvaszwelpe, das Bei\u00dfen weh tut und wird es unterlassen, da er selbst auch nicht mehr gebissen werden will. Auf keinen Fall darf man ihn im Nacken packen und sch\u00fctteln, in der Natur wird das nur gemacht um Beute zu t\u00f6ten (totsch\u00fctteln) !!! Leider h\u00e4lt sich dieses Ammenm\u00e4rchen bis zum heutigen Tage genauso wie es viele Menschen gibt die meinen, das ihr Welpe so etwas wie &#8222;Welpenschutz&#8220; hat. Wieder falsch, &#8222;Welpenschutz&#8220; gibt es nur im eigenen Rudel, nicht unter fremden Hunden!!!<\/p>\n<p>Wichtig ist auch die Pr\u00e4gung durch den Z\u00fcchter. Der Welpe sollte, so fr\u00fch wie m\u00f6glich, fremde Menschen jeden Alters und Geschlechts\u00a0 kennenlernen k\u00f6nnen und einfach am Familienleben und Alltag teil nehmen. Mit allem was dazu geh\u00f6rt, Fernseher, Haartrockner, Staubsauger, Musik, K\u00fcchenger\u00e4te, wildes oder auch mal lautes Gerede seiner Menschen.\u00a0 So erh\u00e4lt der Neubesitzer einen aufgeschlossenen Welpen, der ihm die Erziehung leichter machen wird, als ein Welpe, der durch mangelnde Erfahrungen erst einmal scheu und \u00e4ngstlich reagiert.<\/p>\n<p>Nun liegt es am Neubesitzer, das Potential seines Welpen zu f\u00f6rdern und zu nutzen.<br \/>\nWichtig ist anzumerken, das dem Welpen nichts erlaubt wird, was er als erwachsener Hund nicht tun darf. Beispielsweise im Bett schlafen. Nach dem Motto: Er ist doch noch so klein und hilflos. Auch als erwachsener Kuvasz wird er\u00a0 nun im Bett schlafen wollen und das k\u00f6nnte eng werden. Der Hund w\u00fcrde nicht verstehen, warum er nun nicht mehr im Bett schlafen darf.<\/p>\n<p>Unsere Wei\u00dfen sind bestimmt nicht perfekt erzogen, aber f\u00fcr unseren Hausgebrauch reicht es. Sie kennen alle wichtigen Kommandos, wie Hier, Sitz, Platz, Bleib, Aus und Nein. Sie f\u00fchren unsere Anliegen nicht immer aus und man sollte immer wieder mit ihnen arbeiten, aber gerade das macht den Kuvasz aus.<\/p>\n<p>Eine Basis aus Verst\u00e4ndnis und Vertrauen sind der beste Grundstein f\u00fcr eine gute Beziehung! Ohne dieses Fundament, wird es schwer&#8230;&#8230;.<\/p>\n<p>Bieten Sie ihrem Hund immer Schutz, wenn es n\u00f6tig ist, auch wenn er nicht mehr klein ist. Nichts zeugt mehr von einer guten Bindung, als das der Hund bei seinem Menschen Hilfe sucht, also entt\u00e4uschen Sie ihn bitte nicht.<\/p>\n<p>Bei eventuellen Fragen bin ich gern bereit zu helfen, sofern ich kann. Eine Mail oder Anruf gen\u00fcgt und ich werde mein Bestes geben. Ansonsten kann man sich auch an Hundeschulen oder Hundeausbildungspl\u00e4tze wenden.<br \/>\nHier ist allerdings Vorsicht geboten, da viele Hundeausbilder meinen, ein Kuvasz ist auch nur ein Hund. Das ist er nicht und um ihm 100%iges Gehorsam abzuverlangen, m\u00fc\u00dfte man seinen Willen brechen und so ein Kuvasz w\u00e4re nur noch bedauernswert.<\/p>\n<p>&nbsp;<\/p>\n","protected":false},"excerpt":{"rendered":"<p>Vorab m\u00f6chte ich anmerken, das die folgenden Ausf\u00fchrungen unsere pers\u00f6nlichen Erfahrungen wieder spiegeln und keinesfalls als &#8222;Allgemeing\u00fcltig&#8220; anzusehen sind. Haltung : Unsere Hunde leben mit uns gemeinsam und werden r\u00e4umlich nicht begrenzt. Wir gehen mit unseren Hunden 3mal am Tag raus, Zwei kleine G\u00e4nge zum L\u00f6sen und ein gro\u00dfer Spaziergang von ca. zwei Stunden. Bei [&hellip;]<\/p>\n","protected":false},"author":1,"featured_media":0,"parent":0,"menu_order":0,"comment_status":"closed","ping_status":"closed","template":"","meta":{"jetpack_post_was_ever_published":false,"footnotes":""},"class_list":["post-42","page","type-page","status-publish","hentry"],"jetpack_likes_enabled":true,"jetpack_sharing_enabled":false,"_links":{"self":[{"href":"https:\/\/mein-kuvasz.de\/index.php?rest_route=\/wp\/v2\/pages\/42","targetHints":{"allow":["GET"]}}],"collection":[{"href":"https:\/\/mein-kuvasz.de\/index.php?rest_route=\/wp\/v2\/pages"}],"about":[{"href":"https:\/\/mein-kuvasz.de\/index.php?rest_route=\/wp\/v2\/types\/page"}],"author":[{"embeddable":true,"href":"https:\/\/mein-kuvasz.de\/index.php?rest_route=\/wp\/v2\/users\/1"}],"replies":[{"embeddable":true,"href":"https:\/\/mein-kuvasz.de\/index.php?rest_route=%2Fwp%2Fv2%2Fcomments&post=42"}],"version-history":[{"count":10,"href":"https:\/\/mein-kuvasz.de\/index.php?rest_route=\/wp\/v2\/pages\/42\/revisions"}],"predecessor-version":[{"id":1004,"href":"https:\/\/mein-kuvasz.de\/index.php?rest_route=\/wp\/v2\/pages\/42\/revisions\/1004"}],"wp:attachment":[{"href":"https:\/\/mein-kuvasz.de\/index.php?rest_route=%2Fwp%2Fv2%2Fmedia&parent=42"}],"curies":[{"name":"wp","href":"https:\/\/api.w.org\/{rel}","templated":true}]}}