{"id":727,"date":"2016-03-05T13:39:29","date_gmt":"2016-03-05T12:39:29","guid":{"rendered":"http:\/\/mein-kuvasz.de\/?page_id=727"},"modified":"2022-04-26T12:45:34","modified_gmt":"2022-04-26T10:45:34","slug":"wurfplanung","status":"publish","type":"page","link":"https:\/\/mein-kuvasz.de\/?page_id=727","title":{"rendered":"Wurfplanung"},"content":{"rendered":"\n<p>Die Welpen von Divi und Fiete wurden am 24.04.2022 geboren.<br>Also Sonntagskinder.<br>Es sind 3 R\u00fcden und 2 H\u00fcndinnen auf die Welt gekommen.<br>Alle sind wohlauf und putzmunter.<\/p>\n\n\n\n<figure class=\"wp-block-image size-large is-resized\"><a href=\"https:\/\/i0.wp.com\/mein-kuvasz.de\/wp-content\/uploads\/2022\/04\/279028171_1997995060373145_4194240484550724403_n.jpg\"><img data-recalc-dims=\"1\" loading=\"lazy\" decoding=\"async\" src=\"https:\/\/i0.wp.com\/mein-kuvasz.de\/wp-content\/uploads\/2022\/04\/279028171_1997995060373145_4194240484550724403_n.jpg?resize=640%2C359\" alt=\"\" class=\"wp-image-2265\" width=\"640\" height=\"359\" srcset=\"https:\/\/i0.wp.com\/mein-kuvasz.de\/wp-content\/uploads\/2022\/04\/279028171_1997995060373145_4194240484550724403_n.jpg?resize=1024%2C576&amp;ssl=1 1024w, https:\/\/i0.wp.com\/mein-kuvasz.de\/wp-content\/uploads\/2022\/04\/279028171_1997995060373145_4194240484550724403_n.jpg?resize=300%2C169&amp;ssl=1 300w, https:\/\/i0.wp.com\/mein-kuvasz.de\/wp-content\/uploads\/2022\/04\/279028171_1997995060373145_4194240484550724403_n.jpg?resize=768%2C432&amp;ssl=1 768w, https:\/\/i0.wp.com\/mein-kuvasz.de\/wp-content\/uploads\/2022\/04\/279028171_1997995060373145_4194240484550724403_n.jpg?resize=1536%2C864&amp;ssl=1 1536w, https:\/\/i0.wp.com\/mein-kuvasz.de\/wp-content\/uploads\/2022\/04\/279028171_1997995060373145_4194240484550724403_n.jpg?w=2048&amp;ssl=1 2048w, https:\/\/i0.wp.com\/mein-kuvasz.de\/wp-content\/uploads\/2022\/04\/279028171_1997995060373145_4194240484550724403_n.jpg?w=1280 1280w, https:\/\/i0.wp.com\/mein-kuvasz.de\/wp-content\/uploads\/2022\/04\/279028171_1997995060373145_4194240484550724403_n.jpg?w=1920 1920w\" sizes=\"auto, (max-width: 640px) 100vw, 640px\" \/><\/a><figcaption>Divi und die Babys kurz nach der Geburt, alle ein bi\u00dfchen m\u00fcde<\/figcaption><\/figure>\n\n\n\n<p class=\"has-text-align-center\"><\/p>\n\n\n\n<figure class=\"wp-block-image size-large\"><a href=\"https:\/\/i0.wp.com\/mein-kuvasz.de\/wp-content\/uploads\/2021\/10\/P16A4943-Bearbeitet-1.jpg\"><img data-recalc-dims=\"1\" loading=\"lazy\" decoding=\"async\" width=\"640\" height=\"427\" src=\"https:\/\/i0.wp.com\/mein-kuvasz.de\/wp-content\/uploads\/2021\/10\/P16A4943-Bearbeitet-1.jpg?resize=640%2C427\" alt=\"\" class=\"wp-image-2131\" srcset=\"https:\/\/i0.wp.com\/mein-kuvasz.de\/wp-content\/uploads\/2021\/10\/P16A4943-Bearbeitet-1.jpg?resize=1024%2C683&amp;ssl=1 1024w, https:\/\/i0.wp.com\/mein-kuvasz.de\/wp-content\/uploads\/2021\/10\/P16A4943-Bearbeitet-1.jpg?resize=300%2C200&amp;ssl=1 300w, https:\/\/i0.wp.com\/mein-kuvasz.de\/wp-content\/uploads\/2021\/10\/P16A4943-Bearbeitet-1.jpg?resize=768%2C512&amp;ssl=1 768w, https:\/\/i0.wp.com\/mein-kuvasz.de\/wp-content\/uploads\/2021\/10\/P16A4943-Bearbeitet-1.jpg?resize=1536%2C1024&amp;ssl=1 1536w, https:\/\/i0.wp.com\/mein-kuvasz.de\/wp-content\/uploads\/2021\/10\/P16A4943-Bearbeitet-1.jpg?w=2048&amp;ssl=1 2048w, https:\/\/i0.wp.com\/mein-kuvasz.de\/wp-content\/uploads\/2021\/10\/P16A4943-Bearbeitet-1.jpg?w=1280 1280w, https:\/\/i0.wp.com\/mein-kuvasz.de\/wp-content\/uploads\/2021\/10\/P16A4943-Bearbeitet-1.jpg?w=1920 1920w\" sizes=\"auto, (max-width: 640px) 100vw, 640px\" \/><\/a><figcaption>Divi ist HD frei, ED und OCD frei, gPRA frei und ist Ende Zuchtalter ohne Auflagen angek\u00f6rt<\/figcaption><\/figure>\n\n\n\n<p class=\"has-text-align-center\"><\/p>\n\n\n\n<figure class=\"wp-block-image size-large\"><a href=\"https:\/\/i0.wp.com\/mein-kuvasz.de\/wp-content\/uploads\/2021\/10\/P16A9813-Bearbeitet-scaled.jpg\"><img data-recalc-dims=\"1\" loading=\"lazy\" decoding=\"async\" width=\"640\" height=\"427\" src=\"https:\/\/i0.wp.com\/mein-kuvasz.de\/wp-content\/uploads\/2021\/10\/P16A9813-Bearbeitet.jpg?resize=640%2C427\" alt=\"\" class=\"wp-image-2132\" srcset=\"https:\/\/i0.wp.com\/mein-kuvasz.de\/wp-content\/uploads\/2021\/10\/P16A9813-Bearbeitet-scaled.jpg?resize=1024%2C683&amp;ssl=1 1024w, https:\/\/i0.wp.com\/mein-kuvasz.de\/wp-content\/uploads\/2021\/10\/P16A9813-Bearbeitet-scaled.jpg?resize=300%2C200&amp;ssl=1 300w, https:\/\/i0.wp.com\/mein-kuvasz.de\/wp-content\/uploads\/2021\/10\/P16A9813-Bearbeitet-scaled.jpg?resize=768%2C512&amp;ssl=1 768w, https:\/\/i0.wp.com\/mein-kuvasz.de\/wp-content\/uploads\/2021\/10\/P16A9813-Bearbeitet-scaled.jpg?resize=1536%2C1024&amp;ssl=1 1536w, https:\/\/i0.wp.com\/mein-kuvasz.de\/wp-content\/uploads\/2021\/10\/P16A9813-Bearbeitet-scaled.jpg?resize=2048%2C1365&amp;ssl=1 2048w, https:\/\/i0.wp.com\/mein-kuvasz.de\/wp-content\/uploads\/2021\/10\/P16A9813-Bearbeitet-scaled.jpg?w=1280 1280w, https:\/\/i0.wp.com\/mein-kuvasz.de\/wp-content\/uploads\/2021\/10\/P16A9813-Bearbeitet-scaled.jpg?w=1920 1920w\" sizes=\"auto, (max-width: 640px) 100vw, 640px\" \/><\/a><figcaption>Fiete ist HD frei, ED \u00dcbergangsform,  OCD frei, gPRA Tr\u00e4ger, lt.DOK frei von erblichen Augenkrankheiten und auf Lebenszeit angek\u00f6rt<\/figcaption><\/figure>\n\n\n\n<p class=\"has-text-align-center\"><\/p>\n","protected":false},"excerpt":{"rendered":"<p>Die Welpen von Divi und Fiete wurden am 24.04.2022 geboren.Also Sonntagskinder.Es sind 3 R\u00fcden und 2 H\u00fcndinnen auf die Welt gekommen.Alle sind wohlauf und putzmunter.<\/p>\n","protected":false},"author":1,"featured_media":0,"parent":0,"menu_order":0,"comment_status":"closed","ping_status":"closed","template":"","meta":{"jetpack_post_was_ever_published":false,"footnotes":""},"class_list":["post-727","page","type-page","status-publish","hentry"],"jetpack_likes_enabled":true,"jetpack_sharing_enabled":true,"_links":{"self":[{"href":"https:\/\/mein-kuvasz.de\/index.php?rest_route=\/wp\/v2\/pages\/727","targetHints":{"allow":["GET"]}}],"collection":[{"href":"https:\/\/mein-kuvasz.de\/index.php?rest_route=\/wp\/v2\/pages"}],"about":[{"href":"https:\/\/mein-kuvasz.de\/index.php?rest_route=\/wp\/v2\/types\/page"}],"author":[{"embeddable":true,"href":"https:\/\/mein-kuvasz.de\/index.php?rest_route=\/wp\/v2\/users\/1"}],"replies":[{"embeddable":true,"href":"https:\/\/mein-kuvasz.de\/index.php?rest_route=%2Fwp%2Fv2%2Fcomments&post=727"}],"version-history":[{"count":10,"href":"https:\/\/mein-kuvasz.de\/index.php?rest_route=\/wp\/v2\/pages\/727\/revisions"}],"predecessor-version":[{"id":2266,"href":"https:\/\/mein-kuvasz.de\/index.php?rest_route=\/wp\/v2\/pages\/727\/revisions\/2266"}],"wp:attachment":[{"href":"https:\/\/mein-kuvasz.de\/index.php?rest_route=%2Fwp%2Fv2%2Fmedia&parent=727"}],"curies":[{"name":"wp","href":"https:\/\/api.w.org\/{rel}","templated":true}]}}